{"id":8543,"date":"2019-12-25T10:35:28","date_gmt":"2019-12-25T09:35:28","guid":{"rendered":"https:\/\/lamaletadelili.com\/?post_type=tribe_events&#038;p=8543"},"modified":"2023-10-16T11:56:07","modified_gmt":"2023-10-16T09:56:07","slug":"per-molts-anys","status":"publish","type":"tribe_events","link":"https:\/\/lamaletadelili.com\/ca\/agenda\/per-molts-anys\/","title":{"rendered":"Per molts anys!!"},"content":{"rendered":"<p>Aquest mes de <strong>gener<\/strong>, \u00e9s un mes molt important per la <strong>Biblioteca Mestre Mart\u00ed Tauler<\/strong>, doncs compleix <strong>10 ANYS<\/strong> de com es coneix tal com \u00e9s ara!<\/p>\n<p>I, per descomptat, que jo no volia perdre&#8217;m aquest acontentament tan important. \u00c9s m\u00e9s, he pensat en muntar-li una petita <strong>festa d&#8217;aniversari<\/strong>.<\/p>\n<p>Aix\u00ed, fam\u00edlies, si veniu a aquesta primera sessi\u00f3 de <strong>&#8220;Contes per Menuts&#8221;<\/strong> trobareu la sala decorada; un past\u00eds fet de contes, alguns d&#8217;ells ens els menjarem!!, no patiu, aquests s\u00f3n totalment recomanats pels vostres fills i filles petites; i no faltar\u00e0 la can\u00e7\u00f3 d&#8217;aniversari feli\u00e7.<\/p>\n<p><strong>Esteu tots\/es convidats.<\/strong> Podeu venir vestits ben macos per l&#8217;ocasi\u00f3 si us b\u00e9 de gust.<\/p>\n<p><em>I,si voleu fer el past\u00eds m\u00e9s gran, porteu el vostre conte preferit!!\u00a0<\/em><\/p>\n","protected":false},"excerpt":{"rendered":"<p>La Biblioteca Mestre Mart\u00ed Tauler fa 10 anys!!.<br \/>\nHe preparat una festa d&#8217;aniversari amb un past\u00eds de contes a la que esteu convidats.<br \/>\nPodeu venir vestits ben macos per l&#8217;ocasi\u00f3 si us be de gust. I,si voleu fer el past\u00eds m\u00e9s gran porteu el vostre conte preferit!!\u00a0\u00a0<\/p>\n","protected":false},"author":2,"featured_media":0,"template":"","meta":{"_uag_custom_page_level_css":"","site-sidebar-layout":"default","site-content-layout":"","ast-site-content-layout":"default","site-content-style":"default","site-sidebar-style":"default","ast-global-header-display":"","ast-banner-title-visibility":"","ast-main-header-display":"","ast-hfb-above-header-display":"","ast-hfb-below-header-display":"","ast-hfb-mobile-header-display":"","site-post-title":"","ast-breadcrumbs-content":"","ast-featured-img":"","footer-sml-layout":"","ast-disable-related-posts":"","theme-transparent-header-meta":"","adv-header-id-meta":"","stick-header-meta":"","header-above-stick-meta":"","header-main-stick-meta":"","header-below-stick-meta":"","astra-migrate-meta-layouts":"default","ast-page-background-enabled":"default","ast-page-background-meta":{"desktop":{"background-color":"var(--ast-global-color-4)","background-image":"","background-repeat":"repeat","background-position":"center center","background-size":"auto","background-attachment":"scroll","background-type":"","background-media":"","overlay-type":"","overlay-color":"","overlay-opacity":"","overlay-gradient":""},"tablet":{"background-color":"","background-image":"","background-repeat":"repeat","background-position":"center center","background-size":"auto","background-attachment":"scroll","background-type":"","background-media":"","overlay-type":"","overlay-color":"","overlay-opacity":"","overlay-gradient":""},"mobile":{"background-color":"","background-image":"","background-repeat":"repeat","background-position":"center center","background-size":"auto","background-attachment":"scroll","background-type":"","background-media":"","overlay-type":"","overlay-color":"","overlay-opacity":"","overlay-gradient":""}},"ast-content-background-meta":{"desktop":{"background-color":"var(--ast-global-color-5)","background-image":"","background-repeat":"repeat","background-position":"center center","background-size":"auto","background-attachment":"scroll","background-type":"","background-media":"","overlay-type":"","overlay-color":"","overlay-opacity":"","overlay-gradient":""},"tablet":{"background-color":"var(--ast-global-color-5)","background-image":"","background-repeat":"repeat","background-position":"center center","background-size":"auto","background-attachment":"scroll","background-type":"","background-media":"","overlay-type":"","overlay-color":"","overlay-opacity":"","overlay-gradient":""},"mobile":{"background-color":"var(--ast-global-color-5)","background-image":"","background-repeat":"repeat","background-position":"center center","background-size":"auto","background-attachment":"scroll","background-type":"","background-media":"","overlay-type":"","overlay-color":"","overlay-opacity":"","overlay-gradient":""}},"_tribe_events_status":"","_tribe_events_status_reason":"","footnotes":""},"tags":[856,815,541],"tribe_events_cat":[495],"class_list":["post-8543","tribe_events","type-tribe_events","status-publish","hentry","tag-10-aniversari-de-la-biblioteca","tag-agenda","tag-biblioteca-mestre-marti-tauler-ca-3","tribe_events_cat-contes-per-menuts","cat_contes-per-menuts"],"yoast_head":"<!-- This site is optimized with the Yoast SEO plugin v27.4 - https:\/\/yoast.com\/product\/yoast-seo-wordpress\/ -->\n<title>Per molts anys!! - La maleta de Lili<\/title>\n<meta name=\"robots\" content=\"index, follow, max-snippet:-1, max-image-preview:large, max-video-preview:-1\" \/>\n<link rel=\"canonical\" href=\"https:\/\/lamaletadelili.com\/ca\/agenda\/per-molts-anys\/\" \/>\n<meta property=\"og:locale\" content=\"ca_ES\" \/>\n<meta property=\"og:type\" content=\"article\" \/>\n<meta property=\"og:title\" content=\"Per molts anys!! - La maleta de Lili\" \/>\n<meta property=\"og:description\" content=\"La Biblioteca Mestre Mart\u00ed Tauler fa 10 anys!!. He preparat una festa d&#039;aniversari amb un past\u00eds de contes a la que esteu convidats.  Podeu venir vestits ben macos per l&#039;ocasi\u00f3 si us be de gust. I,si voleu fer el past\u00eds m\u00e9s gran porteu el vostre conte preferit!!\u00a0\u00a0\" \/>\n<meta property=\"og:url\" content=\"https:\/\/lamaletadelili.com\/ca\/agenda\/per-molts-anys\/\" \/>\n<meta property=\"og:site_name\" content=\"La maleta de Lili\" \/>\n<meta property=\"article:modified_time\" content=\"2023-10-16T09:56:07+00:00\" \/>\n<meta name=\"twitter:card\" content=\"summary_large_image\" \/>\n<meta name=\"twitter:label1\" content=\"Temps estimat de lectura\" \/>\n\t<meta name=\"twitter:data1\" content=\"1 minut\" \/>\n<script type=\"application\/ld+json\" class=\"yoast-schema-graph\">{\"@context\":\"https:\\\/\\\/schema.org\",\"@graph\":[{\"@type\":\"WebPage\",\"@id\":\"https:\\\/\\\/lamaletadelili.com\\\/ca\\\/agenda\\\/per-molts-anys\\\/\",\"url\":\"https:\\\/\\\/lamaletadelili.com\\\/ca\\\/agenda\\\/per-molts-anys\\\/\",\"name\":\"Per molts anys!! - La maleta de Lili\",\"isPartOf\":{\"@id\":\"https:\\\/\\\/lamaletadelili.com\\\/#website\"},\"datePublished\":\"2019-12-25T09:35:28+00:00\",\"dateModified\":\"2023-10-16T09:56:07+00:00\",\"breadcrumb\":{\"@id\":\"https:\\\/\\\/lamaletadelili.com\\\/ca\\\/agenda\\\/per-molts-anys\\\/#breadcrumb\"},\"inLanguage\":\"ca\",\"potentialAction\":[{\"@type\":\"ReadAction\",\"target\":[\"https:\\\/\\\/lamaletadelili.com\\\/ca\\\/agenda\\\/per-molts-anys\\\/\"]}]},{\"@type\":\"BreadcrumbList\",\"@id\":\"https:\\\/\\\/lamaletadelili.com\\\/ca\\\/agenda\\\/per-molts-anys\\\/#breadcrumb\",\"itemListElement\":[{\"@type\":\"ListItem\",\"position\":1,\"name\":\"Portada\",\"item\":\"https:\\\/\\\/lamaletadelili.com\\\/ca\\\/\"},{\"@type\":\"ListItem\",\"position\":2,\"name\":\"Esdeveniments\",\"item\":\"https:\\\/\\\/lamaletadelili.com\\\/ca\\\/eventos\\\/\"},{\"@type\":\"ListItem\",\"position\":3,\"name\":\"Per molts anys!!\"}]},{\"@type\":\"WebSite\",\"@id\":\"https:\\\/\\\/lamaletadelili.com\\\/#website\",\"url\":\"https:\\\/\\\/lamaletadelili.com\\\/\",\"name\":\"La maleta de Lili\",\"description\":\"Cuenta cuentos\",\"publisher\":{\"@id\":\"https:\\\/\\\/lamaletadelili.com\\\/#organization\"},\"potentialAction\":[{\"@type\":\"SearchAction\",\"target\":{\"@type\":\"EntryPoint\",\"urlTemplate\":\"https:\\\/\\\/lamaletadelili.com\\\/?s={search_term_string}\"},\"query-input\":{\"@type\":\"PropertyValueSpecification\",\"valueRequired\":true,\"valueName\":\"search_term_string\"}}],\"inLanguage\":\"ca\"},{\"@type\":\"Organization\",\"@id\":\"https:\\\/\\\/lamaletadelili.com\\\/#organization\",\"name\":\"La maleta de Lili\",\"url\":\"https:\\\/\\\/lamaletadelili.com\\\/\",\"logo\":{\"@type\":\"ImageObject\",\"inLanguage\":\"ca\",\"@id\":\"https:\\\/\\\/lamaletadelili.com\\\/#\\\/schema\\\/logo\\\/image\\\/\",\"url\":\"https:\\\/\\\/lamaletadelili.com\\\/wp-content\\\/uploads\\\/2019\\\/07\\\/LOGO-La-maleta-de-Lili-catalan.png\",\"contentUrl\":\"https:\\\/\\\/lamaletadelili.com\\\/wp-content\\\/uploads\\\/2019\\\/07\\\/LOGO-La-maleta-de-Lili-catalan.png\",\"width\":450,\"height\":177,\"caption\":\"La maleta de Lili\"},\"image\":{\"@id\":\"https:\\\/\\\/lamaletadelili.com\\\/#\\\/schema\\\/logo\\\/image\\\/\"}}]}<\/script>\n<!-- \/ Yoast SEO plugin. -->","yoast_head_json":{"title":"Per molts anys!! - La maleta de Lili","robots":{"index":"index","follow":"follow","max-snippet":"max-snippet:-1","max-image-preview":"max-image-preview:large","max-video-preview":"max-video-preview:-1"},"canonical":"https:\/\/lamaletadelili.com\/ca\/agenda\/per-molts-anys\/","og_locale":"ca_ES","og_type":"article","og_title":"Per molts anys!! - La maleta de Lili","og_description":"La Biblioteca Mestre Mart\u00ed Tauler fa 10 anys!!. He preparat una festa d'aniversari amb un past\u00eds de contes a la que esteu convidats.  Podeu venir vestits ben macos per l'ocasi\u00f3 si us be de gust. I,si voleu fer el past\u00eds m\u00e9s gran porteu el vostre conte preferit!!\u00a0\u00a0","og_url":"https:\/\/lamaletadelili.com\/ca\/agenda\/per-molts-anys\/","og_site_name":"La maleta de Lili","article_modified_time":"2023-10-16T09:56:07+00:00","twitter_card":"summary_large_image","twitter_misc":{"Temps estimat de lectura":"1 minut"},"schema":{"@context":"https:\/\/schema.org","@graph":[{"@type":"WebPage","@id":"https:\/\/lamaletadelili.com\/ca\/agenda\/per-molts-anys\/","url":"https:\/\/lamaletadelili.com\/ca\/agenda\/per-molts-anys\/","name":"Per molts anys!! - La maleta de Lili","isPartOf":{"@id":"https:\/\/lamaletadelili.com\/#website"},"datePublished":"2019-12-25T09:35:28+00:00","dateModified":"2023-10-16T09:56:07+00:00","breadcrumb":{"@id":"https:\/\/lamaletadelili.com\/ca\/agenda\/per-molts-anys\/#breadcrumb"},"inLanguage":"ca","potentialAction":[{"@type":"ReadAction","target":["https:\/\/lamaletadelili.com\/ca\/agenda\/per-molts-anys\/"]}]},{"@type":"BreadcrumbList","@id":"https:\/\/lamaletadelili.com\/ca\/agenda\/per-molts-anys\/#breadcrumb","itemListElement":[{"@type":"ListItem","position":1,"name":"Portada","item":"https:\/\/lamaletadelili.com\/ca\/"},{"@type":"ListItem","position":2,"name":"Esdeveniments","item":"https:\/\/lamaletadelili.com\/ca\/eventos\/"},{"@type":"ListItem","position":3,"name":"Per molts anys!!"}]},{"@type":"WebSite","@id":"https:\/\/lamaletadelili.com\/#website","url":"https:\/\/lamaletadelili.com\/","name":"La maleta de Lili","description":"Cuenta cuentos","publisher":{"@id":"https:\/\/lamaletadelili.com\/#organization"},"potentialAction":[{"@type":"SearchAction","target":{"@type":"EntryPoint","urlTemplate":"https:\/\/lamaletadelili.com\/?s={search_term_string}"},"query-input":{"@type":"PropertyValueSpecification","valueRequired":true,"valueName":"search_term_string"}}],"inLanguage":"ca"},{"@type":"Organization","@id":"https:\/\/lamaletadelili.com\/#organization","name":"La maleta de Lili","url":"https:\/\/lamaletadelili.com\/","logo":{"@type":"ImageObject","inLanguage":"ca","@id":"https:\/\/lamaletadelili.com\/#\/schema\/logo\/image\/","url":"https:\/\/lamaletadelili.com\/wp-content\/uploads\/2019\/07\/LOGO-La-maleta-de-Lili-catalan.png","contentUrl":"https:\/\/lamaletadelili.com\/wp-content\/uploads\/2019\/07\/LOGO-La-maleta-de-Lili-catalan.png","width":450,"height":177,"caption":"La maleta de Lili"},"image":{"@id":"https:\/\/lamaletadelili.com\/#\/schema\/logo\/image\/"}}]}},"uagb_featured_image_src":{"full":false,"thumbnail":false,"medium":false,"medium_large":false,"large":false,"1536x1536":false,"2048x2048":false},"uagb_author_info":{"display_name":"Lili","author_link":"https:\/\/lamaletadelili.com\/ca\/author\/lili\/"},"uagb_comment_info":0,"uagb_excerpt":"La Biblioteca Mestre Mart\u00ed Tauler fa 10 anys!!. He preparat una festa d'aniversari amb un past\u00eds de contes a la que esteu convidats. Podeu venir vestits ben macos per l'ocasi\u00f3 si us be de gust. I,si voleu fer el past\u00eds m\u00e9s gran porteu el vostre conte preferit!!\u00a0\u00a0","_links":{"self":[{"href":"https:\/\/lamaletadelili.com\/ca\/wp-json\/wp\/v2\/tribe_events\/8543","targetHints":{"allow":["GET"]}}],"collection":[{"href":"https:\/\/lamaletadelili.com\/ca\/wp-json\/wp\/v2\/tribe_events"}],"about":[{"href":"https:\/\/lamaletadelili.com\/ca\/wp-json\/wp\/v2\/types\/tribe_events"}],"author":[{"embeddable":true,"href":"https:\/\/lamaletadelili.com\/ca\/wp-json\/wp\/v2\/users\/2"}],"version-history":[{"count":0,"href":"https:\/\/lamaletadelili.com\/ca\/wp-json\/wp\/v2\/tribe_events\/8543\/revisions"}],"wp:attachment":[{"href":"https:\/\/lamaletadelili.com\/ca\/wp-json\/wp\/v2\/media?parent=8543"}],"wp:term":[{"taxonomy":"post_tag","embeddable":true,"href":"https:\/\/lamaletadelili.com\/ca\/wp-json\/wp\/v2\/tags?post=8543"},{"taxonomy":"tribe_events_cat","embeddable":true,"href":"https:\/\/lamaletadelili.com\/ca\/wp-json\/wp\/v2\/tribe_events_cat?post=8543"}],"curies":[{"name":"wp","href":"https:\/\/api.w.org\/{rel}","templated":true}]}}

<p>Aquest mes de <strong>gener</strong>, és un mes molt important per la <strong>Biblioteca Mestre Martí Tauler</strong>, doncs compleix <strong>10 ANYS</strong> de com es coneix tal com és ara!</p>
<p>I, per descomptat, que jo no volia perdre&#8217;m aquest acontentament tan important. És més, he pensat en muntar-li una petita <strong>festa d&#8217;aniversari</strong>.</p>
<p>Així, famílies, si veniu a aquesta primera sessió de <strong>&#8220;Contes per Menuts&#8221;</strong> trobareu la sala decorada; un pastís fet de contes, alguns d&#8217;ells ens els menjarem!!, no patiu, aquests són totalment recomanats pels vostres fills i filles petites; i no faltarà la cançó d&#8217;aniversari feliç.</p>
<p><strong>Esteu tots/es convidats.</strong> Podeu venir vestits ben macos per l&#8217;ocasió si us bé de gust.</p>
<p><em>I,si voleu fer el pastís més gran, porteu el vostre conte preferit!! </em></p>

<p>La Biblioteca Mestre Martí Tauler fa 10 anys!!.<br />
He preparat una festa d&#8217;aniversari amb un pastís de contes a la que esteu convidats.<br />
Podeu venir vestits ben macos per l&#8217;ocasió si us be de gust. I,si voleu fer el pastís més gran porteu el vostre conte preferit!!  </p>

<!-- This site is optimized with the Yoast SEO plugin v27.4 - https://yoast.com/product/yoast-seo-wordpress/ -->
<title>Per molts anys!! - La maleta de Lili</title>
<meta name="robots" content="index, follow, max-snippet:-1, max-image-preview:large, max-video-preview:-1" />
<link rel="canonical" href="https://lamaletadelili.com/ca/agenda/per-molts-anys/" />
<meta property="og:locale" content="ca_ES" />
<meta property="og:type" content="article" />
<meta property="og:title" content="Per molts anys!! - La maleta de Lili" />
<meta property="og:description" content="La Biblioteca Mestre Martí Tauler fa 10 anys!!. He preparat una festa d&#039;aniversari amb un pastís de contes a la que esteu convidats.  Podeu venir vestits ben macos per l&#039;ocasió si us be de gust. I,si voleu fer el pastís més gran porteu el vostre conte preferit!!  " />
<meta property="og:url" content="https://lamaletadelili.com/ca/agenda/per-molts-anys/" />
<meta property="og:site_name" content="La maleta de Lili" />
<meta property="article:modified_time" content="2023-10-16T09:56:07+00:00" />
<meta name="twitter:card" content="summary_large_image" />
<meta name="twitter:label1" content="Temps estimat de lectura" />
	<meta name="twitter:data1" content="1 minut" />
<script type="application/ld+json" class="yoast-schema-graph">{"@context":"https:\/\/schema.org","@graph":[{"@type":"WebPage","@id":"https:\/\/lamaletadelili.com\/ca\/agenda\/per-molts-anys\/","url":"https:\/\/lamaletadelili.com\/ca\/agenda\/per-molts-anys\/","name":"Per molts anys!! - La maleta de Lili","isPartOf":{"@id":"https:\/\/lamaletadelili.com\/#website"},"datePublished":"2019-12-25T09:35:28+00:00","dateModified":"2023-10-16T09:56:07+00:00","breadcrumb":{"@id":"https:\/\/lamaletadelili.com\/ca\/agenda\/per-molts-anys\/#breadcrumb"},"inLanguage":"ca","potentialAction":[{"@type":"ReadAction","target":["https:\/\/lamaletadelili.com\/ca\/agenda\/per-molts-anys\/"]}]},{"@type":"BreadcrumbList","@id":"https:\/\/lamaletadelili.com\/ca\/agenda\/per-molts-anys\/#breadcrumb","itemListElement":[{"@type":"ListItem","position":1,"name":"Portada","item":"https:\/\/lamaletadelili.com\/ca\/"},{"@type":"ListItem","position":2,"name":"Esdeveniments","item":"https:\/\/lamaletadelili.com\/ca\/eventos\/"},{"@type":"ListItem","position":3,"name":"Per molts anys!!"}]},{"@type":"WebSite","@id":"https:\/\/lamaletadelili.com\/#website","url":"https:\/\/lamaletadelili.com\/","name":"La maleta de Lili","description":"Cuenta cuentos","publisher":{"@id":"https:\/\/lamaletadelili.com\/#organization"},"potentialAction":[{"@type":"SearchAction","target":{"@type":"EntryPoint","urlTemplate":"https:\/\/lamaletadelili.com\/?s={search_term_string}"},"query-input":{"@type":"PropertyValueSpecification","valueRequired":true,"valueName":"search_term_string"}}],"inLanguage":"ca"},{"@type":"Organization","@id":"https:\/\/lamaletadelili.com\/#organization","name":"La maleta de Lili","url":"https:\/\/lamaletadelili.com\/","logo":{"@type":"ImageObject","inLanguage":"ca","@id":"https:\/\/lamaletadelili.com\/#\/schema\/logo\/image\/","url":"https:\/\/lamaletadelili.com\/wp-content\/uploads\/2019\/07\/LOGO-La-maleta-de-Lili-catalan.png","contentUrl":"https:\/\/lamaletadelili.com\/wp-content\/uploads\/2019\/07\/LOGO-La-maleta-de-Lili-catalan.png","width":450,"height":177,"caption":"La maleta de Lili"},"image":{"@id":"https:\/\/lamaletadelili.com\/#\/schema\/logo\/image\/"}}]}</script>
<!-- / Yoast SEO plugin. -->

La Biblioteca Mestre Martí Tauler fa 10 anys!!. He preparat una festa d'aniversari amb un pastís de contes a la que esteu convidats.  Podeu venir vestits ben macos per l'ocasió si us be de gust. I,si voleu fer el pastís més gran porteu el vostre conte preferit!!

La Biblioteca Mestre Martí Tauler fa 10 anys!!. He preparat una festa d'aniversari amb un pastís de contes a la que esteu convidats. Podeu venir vestits ben macos per l'ocasió si us be de gust. I,si voleu fer el pastís més gran porteu el vostre conte preferit!!
