{"id":16639,"date":"2025-03-31T12:34:30","date_gmt":"2025-03-31T10:34:30","guid":{"rendered":"https:\/\/lamaletadelili.com\/?post_type=tribe_events&#038;p=16639"},"modified":"2025-06-29T20:48:48","modified_gmt":"2025-06-29T18:48:48","slug":"cuentos-redondos","status":"publish","type":"tribe_events","link":"https:\/\/lamaletadelili.com\/ca\/agenda\/cuentos-redondos\/","title":{"rendered":"Cuentos Redondos"},"content":{"rendered":"<p>Les can\u00e7ons tradicionals, heredades, cantades per la teva mare i\/o avia quan eres petit\/a son l&#8217;eix d&#8217;aquesta proposta adre\u00e7ada a la petita inf\u00e0ncia (8 mesos a 4 anys)<\/p>\n<p>Can\u00e7ons conegudes que es fan retornar a la nostra infantessa per compartir emocions, records, per jugar amb elles despretant la curiositat, per gaudir d&#8217;una temps \u00fanic a la Sala Infantil de la <strong>Biblioteca Mestre Mart\u00ed Tauler\u00a0<\/strong>de Rub\u00ed.<\/p>\n<p>&nbsp;<\/p>\n","protected":false},"excerpt":{"rendered":"<p>Una nova proposta arriba a la Biblioteca de Rub\u00ed per gaudir en fam\u00edla amb les can\u00e7ons heredades que es retornen a la nostra infantessa.<br \/>\nAdre\u00e7ada a infants entre 8 mesos a 3 anys<\/p>\n","protected":false},"author":2,"featured_media":0,"template":"","meta":{"_uag_custom_page_level_css":"","site-sidebar-layout":"default","site-content-layout":"","ast-site-content-layout":"default","site-content-style":"default","site-sidebar-style":"default","ast-global-header-display":"","ast-banner-title-visibility":"","ast-main-header-display":"","ast-hfb-above-header-display":"","ast-hfb-below-header-display":"","ast-hfb-mobile-header-display":"","site-post-title":"","ast-breadcrumbs-content":"","ast-featured-img":"","footer-sml-layout":"","ast-disable-related-posts":"","theme-transparent-header-meta":"default","adv-header-id-meta":"","stick-header-meta":"default","header-above-stick-meta":"","header-main-stick-meta":"","header-below-stick-meta":"","astra-migrate-meta-layouts":"set","ast-page-background-enabled":"default","ast-page-background-meta":{"desktop":{"background-color":"var(--ast-global-color-4)","background-image":"","background-repeat":"repeat","background-position":"center center","background-size":"auto","background-attachment":"scroll","background-type":"","background-media":"","overlay-type":"","overlay-color":"","overlay-opacity":"","overlay-gradient":""},"tablet":{"background-color":"","background-image":"","background-repeat":"repeat","background-position":"center center","background-size":"auto","background-attachment":"scroll","background-type":"","background-media":"","overlay-type":"","overlay-color":"","overlay-opacity":"","overlay-gradient":""},"mobile":{"background-color":"","background-image":"","background-repeat":"repeat","background-position":"center center","background-size":"auto","background-attachment":"scroll","background-type":"","background-media":"","overlay-type":"","overlay-color":"","overlay-opacity":"","overlay-gradient":""}},"ast-content-background-meta":{"desktop":{"background-color":"var(--ast-global-color-5)","background-image":"","background-repeat":"repeat","background-position":"center center","background-size":"auto","background-attachment":"scroll","background-type":"","background-media":"","overlay-type":"","overlay-color":"","overlay-opacity":"","overlay-gradient":""},"tablet":{"background-color":"var(--ast-global-color-5)","background-image":"","background-repeat":"repeat","background-position":"center center","background-size":"auto","background-attachment":"scroll","background-type":"","background-media":"","overlay-type":"","overlay-color":"","overlay-opacity":"","overlay-gradient":""},"mobile":{"background-color":"var(--ast-global-color-5)","background-image":"","background-repeat":"repeat","background-position":"center center","background-size":"auto","background-attachment":"scroll","background-type":"","background-media":"","overlay-type":"","overlay-color":"","overlay-opacity":"","overlay-gradient":""}},"_tribe_events_status":"","_tribe_events_status_reason":"","footnotes":""},"tags":[815,541],"tribe_events_cat":[495],"class_list":["post-16639","tribe_events","type-tribe_events","status-publish","hentry","tag-agenda","tag-biblioteca-mestre-marti-tauler-ca-3","tribe_events_cat-contes-per-menuts","cat_contes-per-menuts"],"yoast_head":"<!-- This site is optimized with the Yoast SEO plugin v27.4 - https:\/\/yoast.com\/product\/yoast-seo-wordpress\/ -->\n<title>Cuentos Redondos - La maleta de Lili<\/title>\n<meta name=\"description\" content=\"La maleta de Lili presenta aquesta nova proposta, a la Biblioteca de Rub\u00ed, basada als contes de mai acavar i deles can\u00e7ons de la infantessa\" \/>\n<meta name=\"robots\" content=\"index, follow, max-snippet:-1, max-image-preview:large, max-video-preview:-1\" \/>\n<link rel=\"canonical\" href=\"https:\/\/lamaletadelili.com\/ca\/agenda\/cuentos-redondos\/\" \/>\n<meta property=\"og:locale\" content=\"ca_ES\" \/>\n<meta property=\"og:type\" content=\"article\" \/>\n<meta property=\"og:title\" content=\"Cuentos Redondos - La maleta de Lili\" \/>\n<meta property=\"og:description\" content=\"La maleta de Lili presenta aquesta nova proposta, a la Biblioteca de Rub\u00ed, basada als contes de mai acavar i deles can\u00e7ons de la infantessa\" \/>\n<meta property=\"og:url\" content=\"https:\/\/lamaletadelili.com\/ca\/agenda\/cuentos-redondos\/\" \/>\n<meta property=\"og:site_name\" content=\"La maleta de Lili\" \/>\n<meta property=\"article:modified_time\" content=\"2025-06-29T18:48:48+00:00\" \/>\n<meta name=\"twitter:card\" content=\"summary_large_image\" \/>\n<meta name=\"twitter:label1\" content=\"Temps estimat de lectura\" \/>\n\t<meta name=\"twitter:data1\" content=\"1 minut\" \/>\n<script type=\"application\/ld+json\" class=\"yoast-schema-graph\">{\"@context\":\"https:\\\/\\\/schema.org\",\"@graph\":[{\"@type\":\"WebPage\",\"@id\":\"https:\\\/\\\/lamaletadelili.com\\\/ca\\\/agenda\\\/cuentos-redondos\\\/\",\"url\":\"https:\\\/\\\/lamaletadelili.com\\\/ca\\\/agenda\\\/cuentos-redondos\\\/\",\"name\":\"Cuentos Redondos - La maleta de Lili\",\"isPartOf\":{\"@id\":\"https:\\\/\\\/lamaletadelili.com\\\/#website\"},\"datePublished\":\"2025-03-31T10:34:30+00:00\",\"dateModified\":\"2025-06-29T18:48:48+00:00\",\"description\":\"La maleta de Lili presenta aquesta nova proposta, a la Biblioteca de Rub\u00ed, basada als contes de mai acavar i deles can\u00e7ons de la infantessa\",\"breadcrumb\":{\"@id\":\"https:\\\/\\\/lamaletadelili.com\\\/ca\\\/agenda\\\/cuentos-redondos\\\/#breadcrumb\"},\"inLanguage\":\"ca\",\"potentialAction\":[{\"@type\":\"ReadAction\",\"target\":[\"https:\\\/\\\/lamaletadelili.com\\\/ca\\\/agenda\\\/cuentos-redondos\\\/\"]}]},{\"@type\":\"BreadcrumbList\",\"@id\":\"https:\\\/\\\/lamaletadelili.com\\\/ca\\\/agenda\\\/cuentos-redondos\\\/#breadcrumb\",\"itemListElement\":[{\"@type\":\"ListItem\",\"position\":1,\"name\":\"Portada\",\"item\":\"https:\\\/\\\/lamaletadelili.com\\\/ca\\\/\"},{\"@type\":\"ListItem\",\"position\":2,\"name\":\"Esdeveniments\",\"item\":\"https:\\\/\\\/lamaletadelili.com\\\/ca\\\/eventos\\\/\"},{\"@type\":\"ListItem\",\"position\":3,\"name\":\"Cuentos Redondos\"}]},{\"@type\":\"WebSite\",\"@id\":\"https:\\\/\\\/lamaletadelili.com\\\/#website\",\"url\":\"https:\\\/\\\/lamaletadelili.com\\\/\",\"name\":\"La maleta de Lili\",\"description\":\"Cuenta cuentos\",\"publisher\":{\"@id\":\"https:\\\/\\\/lamaletadelili.com\\\/#organization\"},\"potentialAction\":[{\"@type\":\"SearchAction\",\"target\":{\"@type\":\"EntryPoint\",\"urlTemplate\":\"https:\\\/\\\/lamaletadelili.com\\\/?s={search_term_string}\"},\"query-input\":{\"@type\":\"PropertyValueSpecification\",\"valueRequired\":true,\"valueName\":\"search_term_string\"}}],\"inLanguage\":\"ca\"},{\"@type\":\"Organization\",\"@id\":\"https:\\\/\\\/lamaletadelili.com\\\/#organization\",\"name\":\"La maleta de Lili\",\"url\":\"https:\\\/\\\/lamaletadelili.com\\\/\",\"logo\":{\"@type\":\"ImageObject\",\"inLanguage\":\"ca\",\"@id\":\"https:\\\/\\\/lamaletadelili.com\\\/#\\\/schema\\\/logo\\\/image\\\/\",\"url\":\"https:\\\/\\\/lamaletadelili.com\\\/wp-content\\\/uploads\\\/2019\\\/07\\\/LOGO-La-maleta-de-Lili-catalan.png\",\"contentUrl\":\"https:\\\/\\\/lamaletadelili.com\\\/wp-content\\\/uploads\\\/2019\\\/07\\\/LOGO-La-maleta-de-Lili-catalan.png\",\"width\":450,\"height\":177,\"caption\":\"La maleta de Lili\"},\"image\":{\"@id\":\"https:\\\/\\\/lamaletadelili.com\\\/#\\\/schema\\\/logo\\\/image\\\/\"}}]}<\/script>\n<!-- \/ Yoast SEO plugin. -->","yoast_head_json":{"title":"Cuentos Redondos - La maleta de Lili","description":"La maleta de Lili presenta aquesta nova proposta, a la Biblioteca de Rub\u00ed, basada als contes de mai acavar i deles can\u00e7ons de la infantessa","robots":{"index":"index","follow":"follow","max-snippet":"max-snippet:-1","max-image-preview":"max-image-preview:large","max-video-preview":"max-video-preview:-1"},"canonical":"https:\/\/lamaletadelili.com\/ca\/agenda\/cuentos-redondos\/","og_locale":"ca_ES","og_type":"article","og_title":"Cuentos Redondos - La maleta de Lili","og_description":"La maleta de Lili presenta aquesta nova proposta, a la Biblioteca de Rub\u00ed, basada als contes de mai acavar i deles can\u00e7ons de la infantessa","og_url":"https:\/\/lamaletadelili.com\/ca\/agenda\/cuentos-redondos\/","og_site_name":"La maleta de Lili","article_modified_time":"2025-06-29T18:48:48+00:00","twitter_card":"summary_large_image","twitter_misc":{"Temps estimat de lectura":"1 minut"},"schema":{"@context":"https:\/\/schema.org","@graph":[{"@type":"WebPage","@id":"https:\/\/lamaletadelili.com\/ca\/agenda\/cuentos-redondos\/","url":"https:\/\/lamaletadelili.com\/ca\/agenda\/cuentos-redondos\/","name":"Cuentos Redondos - La maleta de Lili","isPartOf":{"@id":"https:\/\/lamaletadelili.com\/#website"},"datePublished":"2025-03-31T10:34:30+00:00","dateModified":"2025-06-29T18:48:48+00:00","description":"La maleta de Lili presenta aquesta nova proposta, a la Biblioteca de Rub\u00ed, basada als contes de mai acavar i deles can\u00e7ons de la infantessa","breadcrumb":{"@id":"https:\/\/lamaletadelili.com\/ca\/agenda\/cuentos-redondos\/#breadcrumb"},"inLanguage":"ca","potentialAction":[{"@type":"ReadAction","target":["https:\/\/lamaletadelili.com\/ca\/agenda\/cuentos-redondos\/"]}]},{"@type":"BreadcrumbList","@id":"https:\/\/lamaletadelili.com\/ca\/agenda\/cuentos-redondos\/#breadcrumb","itemListElement":[{"@type":"ListItem","position":1,"name":"Portada","item":"https:\/\/lamaletadelili.com\/ca\/"},{"@type":"ListItem","position":2,"name":"Esdeveniments","item":"https:\/\/lamaletadelili.com\/ca\/eventos\/"},{"@type":"ListItem","position":3,"name":"Cuentos Redondos"}]},{"@type":"WebSite","@id":"https:\/\/lamaletadelili.com\/#website","url":"https:\/\/lamaletadelili.com\/","name":"La maleta de Lili","description":"Cuenta cuentos","publisher":{"@id":"https:\/\/lamaletadelili.com\/#organization"},"potentialAction":[{"@type":"SearchAction","target":{"@type":"EntryPoint","urlTemplate":"https:\/\/lamaletadelili.com\/?s={search_term_string}"},"query-input":{"@type":"PropertyValueSpecification","valueRequired":true,"valueName":"search_term_string"}}],"inLanguage":"ca"},{"@type":"Organization","@id":"https:\/\/lamaletadelili.com\/#organization","name":"La maleta de Lili","url":"https:\/\/lamaletadelili.com\/","logo":{"@type":"ImageObject","inLanguage":"ca","@id":"https:\/\/lamaletadelili.com\/#\/schema\/logo\/image\/","url":"https:\/\/lamaletadelili.com\/wp-content\/uploads\/2019\/07\/LOGO-La-maleta-de-Lili-catalan.png","contentUrl":"https:\/\/lamaletadelili.com\/wp-content\/uploads\/2019\/07\/LOGO-La-maleta-de-Lili-catalan.png","width":450,"height":177,"caption":"La maleta de Lili"},"image":{"@id":"https:\/\/lamaletadelili.com\/#\/schema\/logo\/image\/"}}]}},"uagb_featured_image_src":{"full":false,"thumbnail":false,"medium":false,"medium_large":false,"large":false,"1536x1536":false,"2048x2048":false},"uagb_author_info":{"display_name":"Lili","author_link":"https:\/\/lamaletadelili.com\/ca\/author\/lili\/"},"uagb_comment_info":0,"uagb_excerpt":"Una nova proposta arriba a la Biblioteca de Rub\u00ed per gaudir en fam\u00edla amb les can\u00e7ons heredades que es retornen a la nostra infantessa. Adre\u00e7ada a infants entre 8 mesos a 3 anys","_links":{"self":[{"href":"https:\/\/lamaletadelili.com\/ca\/wp-json\/wp\/v2\/tribe_events\/16639","targetHints":{"allow":["GET"]}}],"collection":[{"href":"https:\/\/lamaletadelili.com\/ca\/wp-json\/wp\/v2\/tribe_events"}],"about":[{"href":"https:\/\/lamaletadelili.com\/ca\/wp-json\/wp\/v2\/types\/tribe_events"}],"author":[{"embeddable":true,"href":"https:\/\/lamaletadelili.com\/ca\/wp-json\/wp\/v2\/users\/2"}],"version-history":[{"count":0,"href":"https:\/\/lamaletadelili.com\/ca\/wp-json\/wp\/v2\/tribe_events\/16639\/revisions"}],"wp:attachment":[{"href":"https:\/\/lamaletadelili.com\/ca\/wp-json\/wp\/v2\/media?parent=16639"}],"wp:term":[{"taxonomy":"post_tag","embeddable":true,"href":"https:\/\/lamaletadelili.com\/ca\/wp-json\/wp\/v2\/tags?post=16639"},{"taxonomy":"tribe_events_cat","embeddable":true,"href":"https:\/\/lamaletadelili.com\/ca\/wp-json\/wp\/v2\/tribe_events_cat?post=16639"}],"curies":[{"name":"wp","href":"https:\/\/api.w.org\/{rel}","templated":true}]}}

<p>Les cançons tradicionals, heredades, cantades per la teva mare i/o avia quan eres petit/a son l&#8217;eix d&#8217;aquesta proposta adreçada a la petita infància (8 mesos a 4 anys)</p>
<p>Cançons conegudes que es fan retornar a la nostra infantessa per compartir emocions, records, per jugar amb elles despretant la curiositat, per gaudir d&#8217;una temps únic a la Sala Infantil de la <strong>Biblioteca Mestre Martí Tauler </strong>de Rubí.</p>
<p>&nbsp;</p>

<p>Una nova proposta arriba a la Biblioteca de Rubí per gaudir en famíla amb les cançons heredades que es retornen a la nostra infantessa.<br />
Adreçada a infants entre 8 mesos a 3 anys</p>

<!-- This site is optimized with the Yoast SEO plugin v27.4 - https://yoast.com/product/yoast-seo-wordpress/ -->
<title>Cuentos Redondos - La maleta de Lili</title>
<meta name="description" content="La maleta de Lili presenta aquesta nova proposta, a la Biblioteca de Rubí, basada als contes de mai acavar i deles cançons de la infantessa" />
<meta name="robots" content="index, follow, max-snippet:-1, max-image-preview:large, max-video-preview:-1" />
<link rel="canonical" href="https://lamaletadelili.com/ca/agenda/cuentos-redondos/" />
<meta property="og:locale" content="ca_ES" />
<meta property="og:type" content="article" />
<meta property="og:title" content="Cuentos Redondos - La maleta de Lili" />
<meta property="og:description" content="La maleta de Lili presenta aquesta nova proposta, a la Biblioteca de Rubí, basada als contes de mai acavar i deles cançons de la infantessa" />
<meta property="og:url" content="https://lamaletadelili.com/ca/agenda/cuentos-redondos/" />
<meta property="og:site_name" content="La maleta de Lili" />
<meta property="article:modified_time" content="2025-06-29T18:48:48+00:00" />
<meta name="twitter:card" content="summary_large_image" />
<meta name="twitter:label1" content="Temps estimat de lectura" />
	<meta name="twitter:data1" content="1 minut" />
<script type="application/ld+json" class="yoast-schema-graph">{"@context":"https:\/\/schema.org","@graph":[{"@type":"WebPage","@id":"https:\/\/lamaletadelili.com\/ca\/agenda\/cuentos-redondos\/","url":"https:\/\/lamaletadelili.com\/ca\/agenda\/cuentos-redondos\/","name":"Cuentos Redondos - La maleta de Lili","isPartOf":{"@id":"https:\/\/lamaletadelili.com\/#website"},"datePublished":"2025-03-31T10:34:30+00:00","dateModified":"2025-06-29T18:48:48+00:00","description":"La maleta de Lili presenta aquesta nova proposta, a la Biblioteca de Rubí, basada als contes de mai acavar i deles cançons de la infantessa","breadcrumb":{"@id":"https:\/\/lamaletadelili.com\/ca\/agenda\/cuentos-redondos\/#breadcrumb"},"inLanguage":"ca","potentialAction":[{"@type":"ReadAction","target":["https:\/\/lamaletadelili.com\/ca\/agenda\/cuentos-redondos\/"]}]},{"@type":"BreadcrumbList","@id":"https:\/\/lamaletadelili.com\/ca\/agenda\/cuentos-redondos\/#breadcrumb","itemListElement":[{"@type":"ListItem","position":1,"name":"Portada","item":"https:\/\/lamaletadelili.com\/ca\/"},{"@type":"ListItem","position":2,"name":"Esdeveniments","item":"https:\/\/lamaletadelili.com\/ca\/eventos\/"},{"@type":"ListItem","position":3,"name":"Cuentos Redondos"}]},{"@type":"WebSite","@id":"https:\/\/lamaletadelili.com\/#website","url":"https:\/\/lamaletadelili.com\/","name":"La maleta de Lili","description":"Cuenta cuentos","publisher":{"@id":"https:\/\/lamaletadelili.com\/#organization"},"potentialAction":[{"@type":"SearchAction","target":{"@type":"EntryPoint","urlTemplate":"https:\/\/lamaletadelili.com\/?s={search_term_string}"},"query-input":{"@type":"PropertyValueSpecification","valueRequired":true,"valueName":"search_term_string"}}],"inLanguage":"ca"},{"@type":"Organization","@id":"https:\/\/lamaletadelili.com\/#organization","name":"La maleta de Lili","url":"https:\/\/lamaletadelili.com\/","logo":{"@type":"ImageObject","inLanguage":"ca","@id":"https:\/\/lamaletadelili.com\/#\/schema\/logo\/image\/","url":"https:\/\/lamaletadelili.com\/wp-content\/uploads\/2019\/07\/LOGO-La-maleta-de-Lili-catalan.png","contentUrl":"https:\/\/lamaletadelili.com\/wp-content\/uploads\/2019\/07\/LOGO-La-maleta-de-Lili-catalan.png","width":450,"height":177,"caption":"La maleta de Lili"},"image":{"@id":"https:\/\/lamaletadelili.com\/#\/schema\/logo\/image\/"}}]}</script>
<!-- / Yoast SEO plugin. -->

La maleta de Lili presenta aquesta nova proposta, a la Biblioteca de Rubí, basada als contes de mai acavar i deles cançons de la infantessa

Una nova proposta arriba a la Biblioteca de Rubí per gaudir en famíla amb les cançons heredades que es retornen a la nostra infantessa. Adreçada a infants entre 8 mesos a 3 anys
